181 and 833.
49
What is the highest common divisor of 350190 and 330?
30
What is the highest common divisor of 903 and 12513?
129
What is the highest common factor of 29 and 13224986?
29
What is the greatest common factor of 205714 and 6?
2
Calculate the highest common factor of 152 and 479788.
76
Calculate the highest common divisor of 78302 and 7567.
329
What is the highest common factor of 36 and 3244?
4
Calculate the greatest common factor of 1472 and 4278.
46
What is the highest common factor of 225 and 187713?
9
What is the highest common factor of 75 and 265175?
25
Calculate the greatest common factor of 1194046 and 374.
34
What is the highest common factor of 2134 and 594?
22
What is the greatest common factor of 45 and 17337?
3
What is the highest common factor of 569 and 1014527?
569
What is the highest common divisor of 11 and 92917?
11
What is the greatest common divisor of 3386 and 319977?
1693
What is the greatest common factor of 2683 and 11?
1
What is the highest common factor of 43 and 198101?
43
What is the highest common divisor of 3707 and 1067?
11
What is the highest common divisor of 14378 and 104?
26
Calculate the highest common factor of 31388 and 14231.
133
Calculate the highest common factor of 1362 and 906184.
454
What is the greatest common divisor of 198 and 1755963?
99
Calculate the highest common divisor of 153 and 2936478.
51
Calculate the highest common factor of 6731319 and 21.
21
Calculate the greatest common factor of 107380 and 2950.
590
Calculate the highest common divisor of 347114 and 394.
394
Calculate the greatest common divisor of 756 and 688338.
378
Calculate the greatest common factor of 372828 and 12.
12
What is the greatest common divisor of 2674848 and 204?
204
Calculate the greatest common factor of 1805 and 22135.
95
What is the greatest common factor of 1505 and 10521455?
1505
Calculate the greatest common divisor of 116103 and 17175.
687
Calculate the highest common factor of 2507250 and 210.
30
Calculate the greatest common divisor of 9785 and 70555.
515
What is the greatest common divisor of 53954 and 3286?
106
Calculate the greatest common divisor of 1375 and 58375.
125
What is the highest common divisor of 34 and 75667?
17
Calculate the highest common divisor of 1392 and 12080.
16
What is the highest common divisor of 875 and 16373?
7
What is the greatest common divisor of 583854 and 516?
258
Calculate the highest common factor of 88 and 4012052.
44
What is the greatest common factor of 22055 and 1870?
55
What is the greatest common divisor of 5420 and 320?
20
What is the greatest common divisor of 9653 and 1182?
197
What is the highest common divisor of 114108 and 111?
111
Calculate the greatest common factor of 4601 and 19651.
43
Calculate the highest common factor of 217 and 566959.
31
Calculate the greatest common divisor of 42225 and 3600.
75
Calculate the greatest common divisor of 994 and 51758.
14
What is the greatest common factor of 36 and 7758?
18
What is the greatest common divisor of 61440 and 720?
240
Calculate the greatest common factor of 39974 and 1012.
506
Calculate the greatest common divisor of 35 and 495124.
7
Calculate the highest common factor of 83345 and 34815.
1055
What is the greatest common divisor of 810 and 3175?
5
What is the greatest common factor of 1401 and 9340?
467
Calculate the greatest common factor of 3965 and 122.
61
What is the greatest common divisor of 7707 and 357?
21
What is the highest common factor of 2365 and 2537?
43
Calculate the greatest common factor of 19 and 1855787.
19
What is the greatest common divisor of 2 and 4126?
2
Calculate the greatest common factor of 154 and 26642.
154
What is the greatest common factor of 582675 and 1785?
255
Calculate the greatest common factor of 358640 and 1200.
80
Calculate the highest common divisor of 339904 and 368.
16
What is the highest common divisor of 16465 and 160210?
185
Calculate the greatest common factor of 10450 and 44650.
950
What is the greatest common factor of 24 and 344184?
24
What is the greatest common factor of 728 and 73048?
8
What is the greatest common divisor of 46860 and 440?
220
What is the greatest common divisor of 160537 and 53?
53
What is the highest common factor of 150716 and 656?
164
Calculate the greatest common divisor of 8 and 754088.
8
What is the highest common factor of 122744 and 1072?
536
Calculate the highest common factor of 10640 and 700.
140
What is the greatest common divisor of 230496 and 196?
196
Calculate the greatest common factor of 87518 and 1.
1
Calculate the greatest common factor of 2220175 and 25.
25
What is the highest common divisor of 560 and 1260?
140
What is the greatest common factor of 72 and 4229352?
72
What is the highest common factor of 3509 and 23287?
319
Calculate the greatest common divisor of 12784 and 26384.
272
What is the highest common divisor of 204 and 18516?
12
What is the greatest common divisor of 28497 and 83559?
483
What is the highest common factor of 1850778 and 6?
6
What is the greatest common divisor of 2 and 355410?
2
Calculate the highest common divisor of 603014 and 92.
46
Calculate the highest common divisor of 617553 and 531.
531
What is the highest common factor of 244 and 1466684?
244
Calculate the greatest common divisor of 16632 and 814.
22
What is the greatest common factor of 105 and 14819?
7
What is the greatest common factor of 351585 and 27?
9
What is the greatest common divisor of 835 and 205?
5
Calculate the greatest common divisor of 92 and 86.
2
Calculate the greatest common factor of 121423 and 1738.
79
What is the greatest common divisor of 4899 and 759?
69
What is the greatest common divisor of 41123 and 9799?
41
What is the highest common factor of 848 and 4558?
106
Calculate the highest common factor of 448 and 140224.
448
Calculate the highest common divisor of 28 and 4115.
1
Calculate the greatest common divisor of 11050 and 134725.
425
What is the greatest common divisor of 1308900 and 100?
100
What is the greatest common factor of 3408 and 102456?
24
What is the greatest common factor of 17 and 3585980?
17
Calculate the greatest common divisor of 553 and 17933.
79
Calculate the greatest common factor of 276 and 52302.
138
What is the highest common factor of 651134 and 17?
17
Calculate the highest common divisor of 144 and 161712.
144
Calculate the greatest common factor of 7293 and 765.
51
What is the highest common divisor of 531252 and 108?
108
Calculate the greatest common divisor of 6513 and 663.
39
Calculate the greatest common divisor of 38840 and 12623.
971
Calculate the highest common divisor of 1275 and 325.
25
Calculate the greatest common factor of 1278 and 5253858.
1278
Calculate the highest common divisor of 1181740 and 644.
644
Calculate the highest common factor of 486413 and 1203.
401
What is the greatest common divisor of 33 and 210804?
33
Calculate the highest common divisor of 416 and 85670.
26
Calculate the greatest common factor of 112 and 13.
1
What is the highest common factor of 567666 and 2961?
423
What is the highest common divisor of 120 and 21736920?
120
Calculate the greatest common divisor of 499419 and 5088.
159
What is the greatest common factor of 576 and 299664?
144
Calculate the highest common factor of 927 and 4041.
9
Calculate the highest common divisor of 4101 and 561.
3
Calculate the highest common factor of 1312 and 198153.
41
What is the greatest common factor of 18155 and 20?
5
What is the highest common factor of 346041 and 3?
3
What is the greatest common factor of 960 and 109110?
30
What is the greatest common divisor of 376449 and 9?
3
Calculate the greatest common divisor of 57583 and 56936.
647
Calculate the highest common divisor of 165780 and 720.
180
What is the highest common divisor of 300 and 1536?
12
What is the greatest common factor of 13568 and 1424?
16
What is the highest common divisor of 413362 and 410?
82
What is the highest common factor of 4784 and 63112?
184
What is the greatest common factor of 5637832 and 928?
232
Calculate the greatest common factor of 18012 and 188652.
948
What is the greatest common factor of 640038 and 59712?
1866
What is the greatest common factor of 267617 and 7?
7
What is the greatest common div